{"id":2072,"date":"2025-05-16T12:57:53","date_gmt":"2025-05-16T10:57:53","guid":{"rendered":"https:\/\/www.netphyd.de\/?page_id=2072"},"modified":"2025-10-08T17:47:23","modified_gmt":"2025-10-08T15:47:23","slug":"projekte","status":"publish","type":"page","link":"https:\/\/www.netphyd.de\/index.php\/projekte\/","title":{"rendered":"Projekte"},"content":{"rendered":"\n<hr class=\"wp-block-separator has-alpha-channel-opacity\"\/>\n\n\n\n<div class=\"wp-block-columns is-layout-flex wp-container-core-columns-is-layout-9d6595d7 wp-block-columns-is-layout-flex\">\n<div class=\"wp-block-column is-layout-flow wp-block-column-is-layout-flow\" style=\"flex-basis:33.33%\">\n<div style=\"height:30px\" aria-hidden=\"true\" class=\"wp-block-spacer\"><\/div>\n\n\n\n<figure class=\"wp-block-image size-large\"><img loading=\"lazy\" decoding=\"async\" width=\"824\" height=\"1024\" src=\"https:\/\/www.netphyd.de\/wp-content\/uploads\/2025\/05\/1593540464genista_tinctoria_gefunden_am_2020-06-30-cropped-824x1024.jpg\" alt=\"Genista tinctoria\" class=\"wp-image-2080\" srcset=\"https:\/\/www.netphyd.de\/wp-content\/uploads\/2025\/05\/1593540464genista_tinctoria_gefunden_am_2020-06-30-cropped-824x1024.jpg 824w, https:\/\/www.netphyd.de\/wp-content\/uploads\/2025\/05\/1593540464genista_tinctoria_gefunden_am_2020-06-30-cropped-241x300.jpg 241w, https:\/\/www.netphyd.de\/wp-content\/uploads\/2025\/05\/1593540464genista_tinctoria_gefunden_am_2020-06-30-cropped-768x955.jpg 768w, https:\/\/www.netphyd.de\/wp-content\/uploads\/2025\/05\/1593540464genista_tinctoria_gefunden_am_2020-06-30-cropped.jpg 1024w\" sizes=\"auto, (max-width: 824px) 100vw, 824px\" \/><figcaption class=\"wp-element-caption\">Genista tinctoria<\/figcaption><\/figure>\n<\/div>\n\n\n\n<div class=\"wp-block-column is-layout-flow wp-block-column-is-layout-flow\" style=\"flex-basis:66.66%\">\n<p>Unsere&nbsp;derzeit gr\u00f6\u00dften Vorhaben sind die&nbsp;<strong><a href=\"#Entwicklung-Deutschlandflora\">Weiterentwicklung des Deutschlandflora Portals<\/a><\/strong>&nbsp;und das Projekt&nbsp;<strong><a href=\"https:\/\/www.netphyd.de\/index.php\/aktualisierung-der-verbreitungsdaten\/\">\u201eAktualisierung der Verbreitungsdaten der Farn- und Bl\u00fctenpflanzen Deutschlands\u201c<\/a><\/strong>&nbsp;im Auftrag des Bundesamts f\u00fcr Naturschutz.&nbsp;<\/p>\n\n\n\n<p>Eine weitere&nbsp;fortlaufende&nbsp;Aufgabe&nbsp;ist die Bereitstellung einer&nbsp;<strong>Referenzliste f\u00fcr&nbsp;botanisch\/vegetationskundliche Datenbanken in&nbsp;Deutschland<\/strong>. Hierf\u00fcr werden&nbsp;die&nbsp;Gef\u00e4\u00dfpflanzentaxa aus der \u201e<a href=\"https:\/\/florenliste-deutschland.de\">Florenliste von Deutschland<\/a>\u201c (von Ralf Hand und Michael Thieme)&nbsp;zusammen mit Moosen, Algen und Flechten&nbsp;in die&nbsp;sogenannte&nbsp;<a href=\"https:\/\/germansl.infinitenature.org\">GermanSL<\/a>&nbsp;zusammengef\u00fchrt.&nbsp;Zusammen mit dem <a href=\"https:\/\/www.floraweb.de\">Bundesamt f\u00fcr Naturschutz<\/a> arbeiten wir daran, die Konstanz der Namens-IDs&nbsp;als wesentliche Voraussetzung f\u00fcr den Gebrauch in Datenbanken weiter zu verbessern.&nbsp;Das hei\u00dft, wenn sich die Bedeutung eines wissenschaftlichen Namens \u00e4ndert, wird die neue Bedeutung f\u00fcr die Ein- und Ausgabe zur Verf\u00fcgung gestellt, die vorhandenen Funde bleiben aber \u00fcber die ID mit der alten&nbsp;Bedeutung verbunden.<\/p>\n\n\n\n<p>Dar\u00fcber hinaus sind wir Teil des Konsortiums von&nbsp;<strong>NFDI4Biodiversity<\/strong>&nbsp;und dienten dort bereits als <a href=\"https:\/\/www.nfdi4biodiversity.org\/de\/was-wir-tun\/use-cases-uebersicht\/\">Use-Case Projekt<\/a>.&nbsp;<\/p>\n<\/div>\n<\/div>\n\n\n\n<div class=\"wp-block-columns is-layout-flex wp-container-core-columns-is-layout-9d6595d7 wp-block-columns-is-layout-flex\">\n<div class=\"wp-block-column is-layout-flow wp-block-column-is-layout-flow\"><\/div>\n\n\n\n<div class=\"wp-block-column is-layout-flow wp-block-column-is-layout-flow\">\n<hr class=\"wp-block-separator has-alpha-channel-opacity\"\/>\n<\/div>\n\n\n\n<div class=\"wp-block-column is-layout-flow wp-block-column-is-layout-flow\"><\/div>\n<\/div>\n\n\n\n<h3 class=\"wp-block-heading\">Aktualisierung der Verbreitungsdaten der Farn- und Bl\u00fctenpflanzen Deutschlands<\/h3>\n\n\n\n<p>Im Zuge des vom Bundesamt f\u00fcr Naturschutz (<a href=\"https:\/\/www.bfn.de\/\"><u>BfN<\/u><\/a>) in Auftrag gegebenen Projektes, werden historische und aktuelle floristische Funddaten zusammengef\u00fchrt, aufbereitet und bereitgestellt. Dazu werden alle relevanten Funddaten von Fachverb\u00e4nden, staatlichen Stellen und Fachdatenportalen m\u00f6glichst dynamisch verkn\u00fcpft. Ziel ist neben der Generierung von Information \u00fcber die Verbreitung der Pflanzenarten in Deutschland, auch den Entwicklungstrend der Pflanzenarten absch\u00e4tzen und f\u00fcr die Erstellung der n\u00e4chsten Roten Listen ableiten zu k\u00f6nnen.&nbsp;<\/p>\n\n\n\n<p>Die Daten werden (in vergr\u00f6berter Form) als Grundlage f\u00fcr neue Verbreitungskarten in&nbsp;<a href=\"https:\/\/www.floraweb.de\/\"><u>FloraWeb<\/u><\/a>&nbsp;und f\u00fcr die Erstellung der&nbsp;<a href=\"https:\/\/www.rote-liste-zentrum.de\/index.html\"><u>Roten Liste<\/u><\/a>&nbsp;2028 dienen.<\/p>\n\n\n\n<div class=\"wp-block-buttons is-horizontal is-layout-flex wp-block-buttons-is-layout-flex\">\n<div class=\"wp-block-button\"><a class=\"wp-block-button__link has-white-color has-text-color has-link-color wp-element-button\" href=\"https:\/\/www.netphyd.de\/index.php\/aktualisierung-der-verbreitungsdaten\/\">Mehr erfahren<\/a><\/div>\n<\/div>\n\n\n\n<div class=\"wp-block-columns is-layout-flex wp-container-core-columns-is-layout-9d6595d7 wp-block-columns-is-layout-flex\">\n<div class=\"wp-block-column is-layout-flow wp-block-column-is-layout-flow\"><\/div>\n\n\n\n<div class=\"wp-block-column is-layout-flow wp-block-column-is-layout-flow\">\n<hr class=\"wp-block-separator has-alpha-channel-opacity\"\/>\n<\/div>\n\n\n\n<div class=\"wp-block-column is-layout-flow wp-block-column-is-layout-flow\"><\/div>\n<\/div>\n\n\n\n<h3 class=\"wp-block-heading\">Vergangene Projekte<\/h3>\n\n\n\n<div class=\"wp-block-columns is-layout-flex wp-container-core-columns-is-layout-9d6595d7 wp-block-columns-is-layout-flex\">\n<div class=\"wp-block-column is-layout-flow wp-block-column-is-layout-flow\" style=\"flex-basis:66.66%\">\n<p>Zu&nbsp;den&nbsp;vergangenen Projekten geh\u00f6rt unter anderem das Forschungs- und Entwicklungs- (F&amp;E) Vorhaben<strong>\u201eBasisdaten zur Validierung der Modelle zu klimabedingten Ver\u00e4nderungen in Deutschland und Erstellung eines Gesamtdeutschen Atlas f\u00fcr Farn- und Bl\u00fctenpflanzen\u201c<\/strong>. Im Auftrag des BfN f\u00fchrte NetPhyD hierf\u00fcr von 2008 bis 2013&nbsp;regionale Kartierungen der Farn- und Bl\u00fctenpflanzen zu einer fl\u00e4chendeckenden bundesweiten Datenbasis zusammen. Ergebnis war der 2013 erschienene erste gesamtdeutsche Verbreitungsatlas der Farn- und Bl\u00fctenpflanzen: Netzwerk Phytodiversit\u00e4t Deutschland &amp; Bundesamt f\u00fcr Naturschutz (Hrsg.). (2013).&nbsp;<em>Verbreitungsatlas der Farn-und Bl\u00fctenpflanzen Deutschlands<\/em>.<\/p>\n\n\n\n<p>Der Verbreitungsatlas stellte zus\u00e4tzlich eine essenzielle Basis f\u00fcr die&nbsp;<a href=\"https:\/\/www.bfn.de\/publikationen\/schriftenreihe-naturschutz-biologische-vielfalt\/nabiv-heft-707-rote-liste\">Rote Liste f\u00fcr Pflanzen 2018<\/a>&nbsp;dar, an deren Erstellung NetPhyD ebenfalls&nbsp;mitwirkte.<\/p>\n<\/div>\n\n\n\n<div class=\"wp-block-column is-layout-flow wp-block-column-is-layout-flow\" style=\"flex-basis:33.33%\">\n<figure class=\"wp-block-image size-large\"><img loading=\"lazy\" decoding=\"async\" width=\"1024\" height=\"870\" src=\"https:\/\/www.netphyd.de\/wp-content\/uploads\/2024\/01\/Verbreitungsatlas-slider-1024x870.png\" alt=\"\" class=\"wp-image-674\" srcset=\"https:\/\/www.netphyd.de\/wp-content\/uploads\/2024\/01\/Verbreitungsatlas-slider-1024x870.png 1024w, https:\/\/www.netphyd.de\/wp-content\/uploads\/2024\/01\/Verbreitungsatlas-slider-300x255.png 300w, https:\/\/www.netphyd.de\/wp-content\/uploads\/2024\/01\/Verbreitungsatlas-slider-768x653.png 768w, https:\/\/www.netphyd.de\/wp-content\/uploads\/2024\/01\/Verbreitungsatlas-slider-1536x1306.png 1536w, https:\/\/www.netphyd.de\/wp-content\/uploads\/2024\/01\/Verbreitungsatlas-slider.png 1893w\" sizes=\"auto, (max-width: 1024px) 100vw, 1024px\" \/><\/figure>\n<\/div>\n<\/div>\n\n\n\n<p>Im Rahmen eines weiteren durch das Bundesamt f\u00fcr Naturschutz gef\u00f6rderten F&amp;E-Vorhabens&nbsp;passte NetPhyD&nbsp;von 2016 bis 2018 die Erfassungssoftware&nbsp;<strong>Recorder D&nbsp;<\/strong>f\u00fcr Deutschland an. Mit der auf einer MySQL-Datenbank basierenden Software wurde die floristische Kartierung modernisiert. Ziel des Projekts war die Abl\u00f6sung des \u201eFlorEin\u201c Programms als Erfassungssoftware, dessen letzte Version 1997 erschien.&nbsp;<\/p>\n\n\n\n<div class=\"wp-block-columns is-layout-flex wp-container-core-columns-is-layout-9d6595d7 wp-block-columns-is-layout-flex\">\n<div class=\"wp-block-column is-layout-flow wp-block-column-is-layout-flow\"><\/div>\n\n\n\n<div class=\"wp-block-column is-layout-flow wp-block-column-is-layout-flow\">\n<hr class=\"wp-block-separator has-alpha-channel-opacity\"\/>\n<\/div>\n\n\n\n<div class=\"wp-block-column is-layout-flow wp-block-column-is-layout-flow\"><\/div>\n<\/div>\n\n\n\n<h3 class=\"wp-block-heading\" id=\"Entwicklung-Deutschlandflora\">Weiterentwicklung des Deutschlandflora Portals<\/h3>\n\n\n\n<div class=\"wp-block-columns is-layout-flex wp-container-core-columns-is-layout-9d6595d7 wp-block-columns-is-layout-flex\">\n<div class=\"wp-block-column is-layout-flow wp-block-column-is-layout-flow\" style=\"flex-basis:33.33%\">\n<div style=\"height:105px\" aria-hidden=\"true\" class=\"wp-block-spacer\"><\/div>\n\n\n\n<figure class=\"wp-block-image size-large\"><img loading=\"lazy\" decoding=\"async\" width=\"1024\" height=\"733\" src=\"https:\/\/www.netphyd.de\/wp-content\/uploads\/2025\/05\/Deutschlandflora-Zusammenstellung-1024x733.png\" alt=\"\" class=\"wp-image-2083\" srcset=\"https:\/\/www.netphyd.de\/wp-content\/uploads\/2025\/05\/Deutschlandflora-Zusammenstellung-1024x733.png 1024w, https:\/\/www.netphyd.de\/wp-content\/uploads\/2025\/05\/Deutschlandflora-Zusammenstellung-300x215.png 300w, https:\/\/www.netphyd.de\/wp-content\/uploads\/2025\/05\/Deutschlandflora-Zusammenstellung-768x550.png 768w, https:\/\/www.netphyd.de\/wp-content\/uploads\/2025\/05\/Deutschlandflora-Zusammenstellung.png 1132w\" sizes=\"auto, (max-width: 1024px) 100vw, 1024px\" \/><\/figure>\n<\/div>\n\n\n\n<div class=\"wp-block-column is-layout-flow wp-block-column-is-layout-flow\" style=\"flex-basis:66.66%\">\n<p>Neben den vielen verschiedenen Projekten markiert besonders ein Projekt die Arbeit von NetPhyD: die (Weiter-)Entwicklung unseres&nbsp;<strong>Deutschlandflora&nbsp;<\/strong>Portals. Bei der ersten Version handelte es sich zun\u00e4chst um eine&nbsp;digitale Ausgabe des&nbsp;Atlas f\u00fcr Farn- und Bl\u00fctenpflanzen.&nbsp;Damals wurde es vorrangig als&nbsp;Visualisierungstool f\u00fcr die Validierung der Daten f\u00fcr den 2013 erschienen Atlas genutzt. Das Potenzial einer webbasierten Anwendung zeichnete sich jedoch deutlich ab. So wurde zwischen 2014 und 2016 Deutschlandflora 1.0 von einem einfachen digitalen Atlas&nbsp;zu einer \u00f6ffentlichen Plattform f\u00fcr floristische Verbreitungsdaten und somit zu Deutschlandflora 2.0 ausgebaut. Seitdem basiert die Anwendung auf Indicia, einem aus Gro\u00dfbritannien stammenden, f\u00fcr die Haltung von Biodiversit\u00e4tsdaten bew\u00e4hrtem&nbsp;Open-Source&nbsp;System.&nbsp;Ein anderes F&amp;E Vorhaben des BfN, das Projekt \u201eWerBeo \u2013 Werkzeuge zur Erfassung biologischer Beobachtungsdaten in Deutschland\u201c, entwickelte ein umfassendes, ebenso auf Indicia basierendes Tool, zur&nbsp;Artengruppen&nbsp;\u00fcbergreifenden Pr\u00fcfung, Pflege und Speicherung von Daten. Im Jahr 2024 adaptierte NetPhyD die WerBeo Anwendung f\u00fcr die Deutschlandflora. Damit entstand&nbsp;<a href=\"https:\/\/dflora.netphyd.de\/main\">Deutschlandflora 3.0<\/a>, unser aktuelles Portal. Doch die Entwicklung geht weiter, stetig bauen wir neue Features ein und versuchen die Nutzerfreundlichkeit zu erh\u00f6hen.<\/p>\n<\/div>\n<\/div>\n","protected":false},"excerpt":{"rendered":"<p>Unsere&nbsp;derzeit gr\u00f6\u00dften Vorhaben sind die&nbsp;Weiterentwicklung des Deutschlandflora Portals&nbsp;und das Projekt&nbsp;\u201eAktualisierung der Verbreitungsdaten der Farn- und Bl\u00fctenpflanzen Deutschlands\u201c&nbsp;im Auftrag des Bundesamts f\u00fcr Naturschutz.&nbsp; Eine weitere&nbsp;fortlaufende&nbsp;Aufgabe&nbsp;ist die Bereitstellung einer&nbsp;Referenzliste f\u00fcr&nbsp;botanisch\/vegetationskundliche Datenbanken in&nbsp;Deutschland. Hierf\u00fcr werden&nbsp;die&nbsp;Gef\u00e4\u00dfpflanzentaxa aus der \u201eFlorenliste von Deutschland\u201c (von Ralf Hand und Michael Thieme)&nbsp;zusammen mit Moosen, Algen und Flechten&nbsp;in die&nbsp;sogenannte&nbsp;GermanSL&nbsp;zusammengef\u00fchrt.&nbsp;Zusammen mit dem Bundesamt f\u00fcr Naturschutz arbeiten [&hellip;]<\/p>\n","protected":false},"author":1,"featured_media":0,"parent":0,"menu_order":0,"comment_status":"closed","ping_status":"closed","template":"","meta":{"footnotes":""},"class_list":["post-2072","page","type-page","status-publish","czr-hentry"],"_links":{"self":[{"href":"https:\/\/www.netphyd.de\/index.php\/wp-json\/wp\/v2\/pages\/2072","targetHints":{"allow":["GET"]}}],"collection":[{"href":"https:\/\/www.netphyd.de\/index.php\/wp-json\/wp\/v2\/pages"}],"about":[{"href":"https:\/\/www.netphyd.de\/index.php\/wp-json\/wp\/v2\/types\/page"}],"author":[{"embeddable":true,"href":"https:\/\/www.netphyd.de\/index.php\/wp-json\/wp\/v2\/users\/1"}],"replies":[{"embeddable":true,"href":"https:\/\/www.netphyd.de\/index.php\/wp-json\/wp\/v2\/comments?post=2072"}],"version-history":[{"count":21,"href":"https:\/\/www.netphyd.de\/index.php\/wp-json\/wp\/v2\/pages\/2072\/revisions"}],"predecessor-version":[{"id":2129,"href":"https:\/\/www.netphyd.de\/index.php\/wp-json\/wp\/v2\/pages\/2072\/revisions\/2129"}],"wp:attachment":[{"href":"https:\/\/www.netphyd.de\/index.php\/wp-json\/wp\/v2\/media?parent=2072"}],"curies":[{"name":"wp","href":"https:\/\/api.w.org\/{rel}","templated":true}]}}