{"id":344,"date":"2023-12-14T12:06:35","date_gmt":"2023-12-14T11:06:35","guid":{"rendered":"https:\/\/dflora.netphyd.de\/?page_id=344"},"modified":"2025-05-16T14:13:25","modified_gmt":"2025-05-16T12:13:25","slug":"aktualisierung-der-verbreitungsdaten","status":"publish","type":"page","link":"https:\/\/www.netphyd.de\/index.php\/aktualisierung-der-verbreitungsdaten\/","title":{"rendered":"Aktualisierung der Verbreitungsdaten"},"content":{"rendered":"\n<hr class=\"wp-block-separator has-alpha-channel-opacity\"\/>\n\n\n\n<div class=\"wp-block-columns is-layout-flex wp-container-core-columns-is-layout-9d6595d7 wp-block-columns-is-layout-flex\">\n<div class=\"wp-block-column is-layout-flow wp-block-column-is-layout-flow\" style=\"flex-basis:100%\">\n<div class=\"wp-block-group\"><div class=\"wp-block-group__inner-container is-layout-constrained wp-block-group-is-layout-constrained\">\n<div class=\"wp-block-columns is-layout-flex wp-container-core-columns-is-layout-9d6595d7 wp-block-columns-is-layout-flex\">\n<div class=\"wp-block-column is-layout-flow wp-block-column-is-layout-flow\" style=\"flex-basis:50%\">\n<div class=\"wp-block-columns is-layout-flex wp-container-core-columns-is-layout-9d6595d7 wp-block-columns-is-layout-flex\">\n<div class=\"wp-block-column is-layout-flow wp-block-column-is-layout-flow\" style=\"flex-basis:100%\">\n<h3 class=\"wp-block-heading\">&#8222;Aktualisierung der Verbreitungsdaten der Farn- und Bl\u00fctenpflanzen Deutschlands&#8220;<\/h3>\n<\/div>\n<\/div>\n\n\n\n<p class=\"has-text-color has-link-color wp-elements-85c802945f582d50691f775746381812\" style=\"color:#595959d4\">&#8211; Projektlaufzeit Oktober 2023 bis voraussichtlich September 2026 &#8211; <\/p>\n<\/div>\n\n\n\n<div class=\"wp-block-column is-layout-flow wp-block-column-is-layout-flow\" style=\"flex-basis:50%\"><div class=\"wp-block-image\">\n<figure class=\"aligncenter size-large is-resized\"><img decoding=\"async\" src=\"https:\/\/www.netphyd.de\/wp-content\/uploads\/2024\/02\/1619894195adonis_vernalis_gefunden_am_2021-05-01-edited.jpg\" alt=\"\" style=\"width:346px;height:auto\" title=\"Bildnachweis: \u00a9 Katrin Schneider\"\/><figcaption class=\"wp-element-caption\">Adonis vernalis L.<\/figcaption><\/figure>\n<\/div><\/div>\n<\/div>\n<\/div><\/div>\n<\/div>\n<\/div>\n\n\n\n<h6 class=\"wp-block-heading has-text-color has-link-color wp-elements-20c9433f42bf89c1fc59656e61ac025b\" style=\"color:#595959d4;font-size:25px;font-style:normal;font-weight:100;text-transform:none\">Hintergrund<\/h6>\n\n\n\n<p>Die letzten bundesweiten Bem\u00fchungen zur Zusammenf\u00fchrung der Datenbest\u00e4nde zu Farn- und Bl\u00fctenpflanzen m\u00fcndeten in dem vom <a href=\"https:\/\/bfn.de\" target=\"_blank\" rel=\"noreferrer noopener\">Bundesamt f\u00fcr Naturschutz<\/a> (BfN) und NetPhyD e.V. 2013 herausgegebenen &#8222;Verbreitungsatlas der Farn- und Bl\u00fctenpflanzen Deutschlands&#8220;. Der zusammengetragene Datenstand beinhaltet ca. 28 Mio. Einzelnachweise, aus denen Rasterverbreitungskarten f\u00fcr ca. 6500 Taxa in FloraWeb dynamisch erzeugt werden k\u00f6nnen. 10 Jahre sp\u00e4ter bedarf es einer Aktualisierung der Verbreitungsdaten der Farn- und Bl\u00fctenpflanzen Deutschlands. Mit Zunahme digitaler &#8222;online&#8220; Datenhaltungsstrukturen besteht zudem das Potential dauerhafte Strukturen f\u00fcr den Austausch von Verbreitungsdaten zu implementieren, um insbesondere den langfristigen Entwicklungs- und Verbreitungstrend der Pflanzenarten in Deutschland absch\u00e4tzen zu k\u00f6nnen.<\/p>\n\n\n\n<div style=\"height:20px\" aria-hidden=\"true\" class=\"wp-block-spacer\"><\/div>\n\n\n\n<h6 class=\"wp-block-heading has-text-color has-link-color wp-elements-1c7d339c6e21dcd5ec7ce203b46eb57b\" style=\"color:#595959d4;font-size:25px;font-style:normal;font-weight:100;text-transform:none\">Projektziel<\/h6>\n\n\n\n<p>Die zentralen Aufgaben des Projektes bestehen in der Datenzusammenf\u00fchrung, Datenaufbereitung und Datenbereitstellung. Im Laufe des Projektes werden potentielle Datenpakete gesichtet, analysiert und validiert. Es werden Schnittstellen zu Onlineportalen erstellt und eine Webapplikation zur Korrektur der Daten entwickelt. Am Projektende sollen die Daten u. a. als Grundlage f\u00fcr neue Verbreitungskarten in <a href=\"http:\/\/floraweb.de\" target=\"_blank\" rel=\"noreferrer noopener\">FloraWeb<\/a> und f\u00fcr die Erstellung der <a href=\"https:\/\/www.rote-liste-zentrum.de\/\" target=\"_blank\" rel=\"noreferrer noopener\">Roten Liste<\/a> 2028 dienen. <\/p>\n\n\n\n<p>Eine weitere Motivation f\u00fcr das Projekt von Seiten des NetPhyD e.V. besteht darin, dauerhafte Strukturen f\u00fcr einen Verbund floristischer Daten zu schaffen, indem auf bestehende Strukturen aufgebaut wird und verteilte Daten dynamisch verbunden werden. Dadurch sollen Mehrfacharbeit verhindert und eine dauerhafte Zusammenarbeit erm\u00f6glicht werden. Dar\u00fcber hinaus wollen wir sicher stellen, dass die Verantwortlichkeiten und Rechte f\u00fcr die Kuratierung bei den jeweiligen Datengeberinnen und Datengebern verbleibt. Diese sollen \u00fcber die Einschr\u00e4nkung der Sichtbarkeit von Informationen, wie personenbezogener Daten oder punktgenauer Fundorte, bei der Bereitstellung ihrer Daten entscheiden. Des Weiteren soll so dem Auftreten verschiedener Datenversionen entgegengewirkt werden.  <\/p>\n\n\n\n<div style=\"height:20px\" aria-hidden=\"true\" class=\"wp-block-spacer\"><\/div>\n\n\n\n<h6 class=\"wp-block-heading has-text-color has-link-color wp-elements-908bef23cdc418f4d435f28ae56919ae\" style=\"color:#595959d4;font-size:25px;font-style:normal;font-weight:100;text-transform:none\">Projektschwerpunkte<\/h6>\n\n\n\n<div style=\"height:20px\" aria-hidden=\"true\" class=\"wp-block-spacer\"><\/div>\n\n\n\n<details class=\"wp-block-details is-layout-flow wp-block-details-is-layout-flow\" style=\"font-style:normal;font-weight:600\"><summary>1. Analyse und Beschreibung von Datenpaketen<\/summary>\n<p class=\"has-text-color has-link-color wp-elements-0bb597566f4b4b0d17e1ff0dc4a548c6\" style=\"color:#595959d4;font-style:normal;font-weight:400\">voraussichtlicher Zeitraum: Januar 2024 &#8211; Oktober 2025<\/p>\n\n\n\n<p class=\"has-link-color wp-elements-dee4d4c0e3eb138aeb372efee19f628f\" style=\"font-style:normal;font-weight:400\">Zun\u00e4chst soll ein \u00dcberlick \u00fcber m\u00f6gliche relevante Datenpakete und bereits get\u00e4tigte Datenfl\u00fcsse und Korrekturen gewonnen werden. Die Herausforderung hier liegt in der Heterogenit\u00e4t der Daten hinsichtlich ihrer Aufbereitung, ihres Formates, ihrer Qualit\u00e4t und Attribute. Somit m\u00fcssen Datenpakete, die zur Verf\u00fcgung gestellt werden, auf Mindestanforderungen hin \u00fcberpr\u00fcft werden. Dopplungen von Datenpaketen sollen unbedingt vermieden werden.<\/p>\n\n\n\n<div style=\"height:25px\" aria-hidden=\"true\" class=\"wp-block-spacer\"><\/div>\n<\/details>\n\n\n\n<details class=\"wp-block-details is-layout-flow wp-block-details-is-layout-flow\" style=\"font-style:normal;font-weight:600\"><summary>2. Aufbau einer Pooldatenbank<\/summary>\n<p class=\"has-text-color has-link-color wp-elements-b0099fb3a9117a9f19bf7464cd8d7f08\" style=\"color:#595959d4;font-style:normal;font-weight:400\">voraussichtlicher Zeitraum: Januar 2024 &#8211; April 2026<\/p>\n\n\n\n<p style=\"font-style:normal;font-weight:400\">Der Import von bereitgestellten Datenpaketen in eine sogenannte Pooldatenbank erfolgt sukzessive \u00fcber die gesamte Projektlaufzeit hinweg. Zuvor werden Nutzungsvereinbarungen abgeschlossen, die festlegen, bei welcher Partei die Kuratierungsrechte liegen und welche Einschr\u00e4nkungen der Datensichtbarkeit ber\u00fccksichtigt werden m\u00fcssen.<\/p>\n\n\n\n<div style=\"height:25px\" aria-hidden=\"true\" class=\"wp-block-spacer\"><\/div>\n<\/details>\n\n\n\n<details class=\"wp-block-details is-layout-flow wp-block-details-is-layout-flow\" style=\"font-style:normal;font-weight:600\"><summary>3. Vernetzung mit online verf\u00fcgbaren Datenbanken<\/summary>\n<p class=\"has-text-color has-link-color wp-elements-67504ba7ac01e6916a57f91facb52952\" style=\"color:#595959d4;font-style:normal;font-weight:400\">voraussichtlicher Zeitraum: Februar 2024 &#8211; Juli 2025<\/p>\n\n\n\n<p class=\"has-link-color wp-elements-78c3d43f35e561f13210b937018bf4c6\" style=\"font-style:normal;font-weight:400\">Die Zunahme von digitalen &#8222;online&#8220; Datenhaltungsstrukturen in den L\u00e4ndern bietet die Chance einer Vernetzung inklusive eines unkomplizierteren und regelm\u00e4\u00dfigen Austauschs von floristischen Funddaten. Angesichts der sich wandelnde klimatischen Bedingungen und des andauernden Eingriffs des Menschen in Landschaftsr\u00e4ume sind stetig aktualisierte Funddaten von hohem Wert. Die Schnittstellenanbindungen entprechender Erfassungsportale, die einen unkomplizierteren Austausch erm\u00f6glicht, ist Ziel dieses Arbeitspaketes. Wobei die Ausgestaltung je nach Wunsch der Portalbetreiber:innen und Datengeber:innen variieren kann, von prim\u00e4r lesenden Zugriffen bis hin zu einer bidirektionalen Anbindung.<\/p>\n\n\n\n<div style=\"height:25px\" aria-hidden=\"true\" class=\"wp-block-spacer\"><\/div>\n<\/details>\n\n\n\n<details class=\"wp-block-details is-layout-flow wp-block-details-is-layout-flow\" style=\"font-style:normal;font-weight:600\"><summary>4. Entwicklung von Korrekturmechanismen<\/summary>\n<p class=\"has-text-color has-link-color wp-elements-b98e9e3ad6cc68504626b7a9a4d1ca99\" style=\"color:#595959d4;font-style:normal;font-weight:400\">voraussichtlicher Zeitraum: Oktober 2024 &#8211; M\u00e4rz 2026<\/p>\n\n\n\n<p class=\"has-link-color wp-elements-a82f166657ed6d7b17a17c612351a3d0\" style=\"font-style:normal;font-weight:400\">Zur Plausibilisierung von Daten soll eine Webapplikation mit Beteiligung von Expert:innen und Datengeber:innen entwickelt werden. In dieser sollen ausgewiesene Expert:innen Daten \u00fcberpr\u00fcfen und korrigieren k\u00f6nnen. Diese Korrekturen werden an die Datenhalter:innen zur\u00fcckgemeldet, denn nur diese k\u00f6nnen Ver\u00e4nderungen an ihren Daten vornehmen und entscheiden, ob die Korrekturen \u00fcbernommen werden. Ziel ist die Sicherung der Datenqualit\u00e4t durch organisierte Validierung der Daten sowie bidirektionale Austauschmechanismen von Korrekturinformationen, um konkurrierende Datenversionen vorzubeugen.<\/p>\n\n\n\n<div style=\"height:25px\" aria-hidden=\"true\" class=\"wp-block-spacer\"><\/div>\n<\/details>\n\n\n\n<details class=\"wp-block-details is-layout-flow wp-block-details-is-layout-flow\" style=\"font-style:normal;font-weight:600\"><summary>5. Vernetzung und Kommunikation<\/summary>\n<p class=\"has-text-color has-link-color wp-elements-9c5694bbfd2e7cf9347778f364f17e47\" style=\"color:#595959d4;font-style:normal;font-weight:400\">voraussichtlicher Zeitraum: durchg\u00e4ngig<\/p>\n\n\n\n<p style=\"font-style:normal;font-weight:400\">F\u00fcr eine bundesweite Zusammenf\u00fchrung von Verbreitungsdaten ist die Vernetzung, Kooperation und regelm\u00e4\u00dfige Kommunikation aller entscheidenden Akteur:innen aus Vereinen, \u00c4mtern und wissenschaftlichen Instituten unerl\u00e4sslich. Das Projekt hat die Aufgabe die Einrichtung und Etablierung von Informations- und Beteiligungsstrukturen zu f\u00f6rdern.<\/p>\n\n\n\n<div style=\"height:25px\" aria-hidden=\"true\" class=\"wp-block-spacer\"><\/div>\n<\/details>\n\n\n\n<div style=\"height:20px\" aria-hidden=\"true\" class=\"wp-block-spacer\"><\/div>\n\n\n\n<h6 class=\"wp-block-heading has-text-color has-link-color wp-elements-fc077ca5db383752f749eef274db575e\" style=\"color:#595959d4;font-size:25px;font-style:normal;font-weight:100;text-transform:none\">Partizipationsm\u00f6glichkeiten<\/h6>\n\n\n\n<p>Partizipation ist nicht nur m\u00f6glich, sondern \u00e4u\u00dferst erw\u00fcnscht, etwa indem Sie uns Informationen \u00fcber relevante Datens\u00e4tze mitteilen oder diese f\u00fcr den Datenaustausch bereitstellen. Im Verlauf des Projektes werden beim Korrekturprozess der Daten die Expertinnen und Experten der jeweiligen Gattungen eingebunden. Der in Gr\u00fcndung befindliche Vorstand von NetPhyD e.V. besteht aus Vertreter*innen der regionalen Fachgesellschaften und ist f\u00fcr alle Absprachen zur vernetzten Datenhaltung und die Verabschiedung von fachlichen Standards verantwortlich.<\/p>\n\n\n\n<p>Bei Beteiligungsinteresse schreiben Sie gerne eine Mail an info@netphyd.de.<\/p>\n\n\n\n<div style=\"height:100px\" aria-hidden=\"true\" class=\"wp-block-spacer\"><\/div>\n","protected":false},"excerpt":{"rendered":"<p>&#8222;Aktualisierung der Verbreitungsdaten der Farn- und Bl\u00fctenpflanzen Deutschlands&#8220; &#8211; Projektlaufzeit Oktober 2023 bis voraussichtlich September 2026 &#8211; Hintergrund Die letzten bundesweiten Bem\u00fchungen zur Zusammenf\u00fchrung der Datenbest\u00e4nde zu Farn- und Bl\u00fctenpflanzen m\u00fcndeten in dem vom Bundesamt f\u00fcr Naturschutz (BfN) und NetPhyD e.V. 2013 herausgegebenen &#8222;Verbreitungsatlas der Farn- und Bl\u00fctenpflanzen Deutschlands&#8220;. Der zusammengetragene Datenstand beinhaltet ca. 28 [&hellip;]<\/p>\n","protected":false},"author":1,"featured_media":0,"parent":0,"menu_order":0,"comment_status":"closed","ping_status":"closed","template":"","meta":{"footnotes":""},"class_list":["post-344","page","type-page","status-publish","czr-hentry"],"_links":{"self":[{"href":"https:\/\/www.netphyd.de\/index.php\/wp-json\/wp\/v2\/pages\/344","targetHints":{"allow":["GET"]}}],"collection":[{"href":"https:\/\/www.netphyd.de\/index.php\/wp-json\/wp\/v2\/pages"}],"about":[{"href":"https:\/\/www.netphyd.de\/index.php\/wp-json\/wp\/v2\/types\/page"}],"author":[{"embeddable":true,"href":"https:\/\/www.netphyd.de\/index.php\/wp-json\/wp\/v2\/users\/1"}],"replies":[{"embeddable":true,"href":"https:\/\/www.netphyd.de\/index.php\/wp-json\/wp\/v2\/comments?post=344"}],"version-history":[{"count":60,"href":"https:\/\/www.netphyd.de\/index.php\/wp-json\/wp\/v2\/pages\/344\/revisions"}],"predecessor-version":[{"id":2103,"href":"https:\/\/www.netphyd.de\/index.php\/wp-json\/wp\/v2\/pages\/344\/revisions\/2103"}],"wp:attachment":[{"href":"https:\/\/www.netphyd.de\/index.php\/wp-json\/wp\/v2\/media?parent=344"}],"curies":[{"name":"wp","href":"https:\/\/api.w.org\/{rel}","templated":true}]}}

<hr class="wp-block-separator has-alpha-channel-opacity"/>



<div class="wp-block-columns is-layout-flex wp-container-core-columns-is-layout-9d6595d7 wp-block-columns-is-layout-flex">
<div class="wp-block-column is-layout-flow wp-block-column-is-layout-flow" style="flex-basis:100%">
<div class="wp-block-group"><div class="wp-block-group__inner-container is-layout-constrained wp-block-group-is-layout-constrained">
<div class="wp-block-columns is-layout-flex wp-container-core-columns-is-layout-9d6595d7 wp-block-columns-is-layout-flex">
<div class="wp-block-column is-layout-flow wp-block-column-is-layout-flow" style="flex-basis:50%">
<div class="wp-block-columns is-layout-flex wp-container-core-columns-is-layout-9d6595d7 wp-block-columns-is-layout-flex">
<div class="wp-block-column is-layout-flow wp-block-column-is-layout-flow" style="flex-basis:100%">
<h3 class="wp-block-heading">&#8222;Aktualisierung der Verbreitungsdaten der Farn- und Blütenpflanzen Deutschlands&#8220;</h3>
</div>
</div>



<p class="has-text-color has-link-color wp-elements-85c802945f582d50691f775746381812" style="color:#595959d4">&#8211; Projektlaufzeit Oktober 2023 bis voraussichtlich September 2026 &#8211; </p>
</div>



<div class="wp-block-column is-layout-flow wp-block-column-is-layout-flow" style="flex-basis:50%"><div class="wp-block-image">
<figure class="aligncenter size-large is-resized"><img decoding="async" src="https://www.netphyd.de/wp-content/uploads/2024/02/1619894195adonis_vernalis_gefunden_am_2021-05-01-edited.jpg" alt="" style="width:346px;height:auto" title="Bildnachweis: © Katrin Schneider"/><figcaption class="wp-element-caption">Adonis vernalis L.</figcaption></figure>
</div></div>
</div>
</div></div>
</div>
</div>



<h6 class="wp-block-heading has-text-color has-link-color wp-elements-20c9433f42bf89c1fc59656e61ac025b" style="color:#595959d4;font-size:25px;font-style:normal;font-weight:100;text-transform:none">Hintergrund</h6>



<p>Die letzten bundesweiten Bemühungen zur Zusammenführung der Datenbestände zu Farn- und Blütenpflanzen mündeten in dem vom <a href="https://bfn.de" target="_blank" rel="noreferrer noopener">Bundesamt für Naturschutz</a> (BfN) und NetPhyD e.V. 2013 herausgegebenen &#8222;Verbreitungsatlas der Farn- und Blütenpflanzen Deutschlands&#8220;. Der zusammengetragene Datenstand beinhaltet ca. 28 Mio. Einzelnachweise, aus denen Rasterverbreitungskarten für ca. 6500 Taxa in FloraWeb dynamisch erzeugt werden können. 10 Jahre später bedarf es einer Aktualisierung der Verbreitungsdaten der Farn- und Blütenpflanzen Deutschlands. Mit Zunahme digitaler &#8222;online&#8220; Datenhaltungsstrukturen besteht zudem das Potential dauerhafte Strukturen für den Austausch von Verbreitungsdaten zu implementieren, um insbesondere den langfristigen Entwicklungs- und Verbreitungstrend der Pflanzenarten in Deutschland abschätzen zu können.</p>



<div style="height:20px" aria-hidden="true" class="wp-block-spacer"></div>



<h6 class="wp-block-heading has-text-color has-link-color wp-elements-1c7d339c6e21dcd5ec7ce203b46eb57b" style="color:#595959d4;font-size:25px;font-style:normal;font-weight:100;text-transform:none">Projektziel</h6>



<p>Die zentralen Aufgaben des Projektes bestehen in der Datenzusammenführung, Datenaufbereitung und Datenbereitstellung. Im Laufe des Projektes werden potentielle Datenpakete gesichtet, analysiert und validiert. Es werden Schnittstellen zu Onlineportalen erstellt und eine Webapplikation zur Korrektur der Daten entwickelt. Am Projektende sollen die Daten u. a. als Grundlage für neue Verbreitungskarten in <a href="http://floraweb.de" target="_blank" rel="noreferrer noopener">FloraWeb</a> und für die Erstellung der <a href="https://www.rote-liste-zentrum.de/" target="_blank" rel="noreferrer noopener">Roten Liste</a> 2028 dienen. </p>



<p>Eine weitere Motivation für das Projekt von Seiten des NetPhyD e.V. besteht darin, dauerhafte Strukturen für einen Verbund floristischer Daten zu schaffen, indem auf bestehende Strukturen aufgebaut wird und verteilte Daten dynamisch verbunden werden. Dadurch sollen Mehrfacharbeit verhindert und eine dauerhafte Zusammenarbeit ermöglicht werden. Darüber hinaus wollen wir sicher stellen, dass die Verantwortlichkeiten und Rechte für die Kuratierung bei den jeweiligen Datengeberinnen und Datengebern verbleibt. Diese sollen über die Einschränkung der Sichtbarkeit von Informationen, wie personenbezogener Daten oder punktgenauer Fundorte, bei der Bereitstellung ihrer Daten entscheiden. Des Weiteren soll so dem Auftreten verschiedener Datenversionen entgegengewirkt werden.  </p>



<div style="height:20px" aria-hidden="true" class="wp-block-spacer"></div>



<h6 class="wp-block-heading has-text-color has-link-color wp-elements-908bef23cdc418f4d435f28ae56919ae" style="color:#595959d4;font-size:25px;font-style:normal;font-weight:100;text-transform:none">Projektschwerpunkte</h6>



<div style="height:20px" aria-hidden="true" class="wp-block-spacer"></div>



<details class="wp-block-details is-layout-flow wp-block-details-is-layout-flow" style="font-style:normal;font-weight:600"><summary>1. Analyse und Beschreibung von Datenpaketen</summary>
<p class="has-text-color has-link-color wp-elements-0bb597566f4b4b0d17e1ff0dc4a548c6" style="color:#595959d4;font-style:normal;font-weight:400">voraussichtlicher Zeitraum: Januar 2024 &#8211; Oktober 2025</p>



<p class="has-link-color wp-elements-dee4d4c0e3eb138aeb372efee19f628f" style="font-style:normal;font-weight:400">Zunächst soll ein Überlick über mögliche relevante Datenpakete und bereits getätigte Datenflüsse und Korrekturen gewonnen werden. Die Herausforderung hier liegt in der Heterogenität der Daten hinsichtlich ihrer Aufbereitung, ihres Formates, ihrer Qualität und Attribute. Somit müssen Datenpakete, die zur Verfügung gestellt werden, auf Mindestanforderungen hin überprüft werden. Dopplungen von Datenpaketen sollen unbedingt vermieden werden.</p>



<div style="height:25px" aria-hidden="true" class="wp-block-spacer"></div>
</details>



<details class="wp-block-details is-layout-flow wp-block-details-is-layout-flow" style="font-style:normal;font-weight:600"><summary>2. Aufbau einer Pooldatenbank</summary>
<p class="has-text-color has-link-color wp-elements-b0099fb3a9117a9f19bf7464cd8d7f08" style="color:#595959d4;font-style:normal;font-weight:400">voraussichtlicher Zeitraum: Januar 2024 &#8211; April 2026</p>



<p style="font-style:normal;font-weight:400">Der Import von bereitgestellten Datenpaketen in eine sogenannte Pooldatenbank erfolgt sukzessive über die gesamte Projektlaufzeit hinweg. Zuvor werden Nutzungsvereinbarungen abgeschlossen, die festlegen, bei welcher Partei die Kuratierungsrechte liegen und welche Einschränkungen der Datensichtbarkeit berücksichtigt werden müssen.</p>



<div style="height:25px" aria-hidden="true" class="wp-block-spacer"></div>
</details>



<details class="wp-block-details is-layout-flow wp-block-details-is-layout-flow" style="font-style:normal;font-weight:600"><summary>3. Vernetzung mit online verfügbaren Datenbanken</summary>
<p class="has-text-color has-link-color wp-elements-67504ba7ac01e6916a57f91facb52952" style="color:#595959d4;font-style:normal;font-weight:400">voraussichtlicher Zeitraum: Februar 2024 &#8211; Juli 2025</p>



<p class="has-link-color wp-elements-78c3d43f35e561f13210b937018bf4c6" style="font-style:normal;font-weight:400">Die Zunahme von digitalen &#8222;online&#8220; Datenhaltungsstrukturen in den Ländern bietet die Chance einer Vernetzung inklusive eines unkomplizierteren und regelmäßigen Austauschs von floristischen Funddaten. Angesichts der sich wandelnde klimatischen Bedingungen und des andauernden Eingriffs des Menschen in Landschaftsräume sind stetig aktualisierte Funddaten von hohem Wert. Die Schnittstellenanbindungen entprechender Erfassungsportale, die einen unkomplizierteren Austausch ermöglicht, ist Ziel dieses Arbeitspaketes. Wobei die Ausgestaltung je nach Wunsch der Portalbetreiber:innen und Datengeber:innen variieren kann, von primär lesenden Zugriffen bis hin zu einer bidirektionalen Anbindung.</p>



<div style="height:25px" aria-hidden="true" class="wp-block-spacer"></div>
</details>



<details class="wp-block-details is-layout-flow wp-block-details-is-layout-flow" style="font-style:normal;font-weight:600"><summary>4. Entwicklung von Korrekturmechanismen</summary>
<p class="has-text-color has-link-color wp-elements-b98e9e3ad6cc68504626b7a9a4d1ca99" style="color:#595959d4;font-style:normal;font-weight:400">voraussichtlicher Zeitraum: Oktober 2024 &#8211; März 2026</p>



<p class="has-link-color wp-elements-a82f166657ed6d7b17a17c612351a3d0" style="font-style:normal;font-weight:400">Zur Plausibilisierung von Daten soll eine Webapplikation mit Beteiligung von Expert:innen und Datengeber:innen entwickelt werden. In dieser sollen ausgewiesene Expert:innen Daten überprüfen und korrigieren können. Diese Korrekturen werden an die Datenhalter:innen zurückgemeldet, denn nur diese können Veränderungen an ihren Daten vornehmen und entscheiden, ob die Korrekturen übernommen werden. Ziel ist die Sicherung der Datenqualität durch organisierte Validierung der Daten sowie bidirektionale Austauschmechanismen von Korrekturinformationen, um konkurrierende Datenversionen vorzubeugen.</p>



<div style="height:25px" aria-hidden="true" class="wp-block-spacer"></div>
</details>



<details class="wp-block-details is-layout-flow wp-block-details-is-layout-flow" style="font-style:normal;font-weight:600"><summary>5. Vernetzung und Kommunikation</summary>
<p class="has-text-color has-link-color wp-elements-9c5694bbfd2e7cf9347778f364f17e47" style="color:#595959d4;font-style:normal;font-weight:400">voraussichtlicher Zeitraum: durchgängig</p>



<p style="font-style:normal;font-weight:400">Für eine bundesweite Zusammenführung von Verbreitungsdaten ist die Vernetzung, Kooperation und regelmäßige Kommunikation aller entscheidenden Akteur:innen aus Vereinen, Ämtern und wissenschaftlichen Instituten unerlässlich. Das Projekt hat die Aufgabe die Einrichtung und Etablierung von Informations- und Beteiligungsstrukturen zu fördern.</p>



<div style="height:25px" aria-hidden="true" class="wp-block-spacer"></div>
</details>



<div style="height:20px" aria-hidden="true" class="wp-block-spacer"></div>



<h6 class="wp-block-heading has-text-color has-link-color wp-elements-fc077ca5db383752f749eef274db575e" style="color:#595959d4;font-size:25px;font-style:normal;font-weight:100;text-transform:none">Partizipationsmöglichkeiten</h6>



<p>Partizipation ist nicht nur möglich, sondern äußerst erwünscht, etwa indem Sie uns Informationen über relevante Datensätze mitteilen oder diese für den Datenaustausch bereitstellen. Im Verlauf des Projektes werden beim Korrekturprozess der Daten die Expertinnen und Experten der jeweiligen Gattungen eingebunden. Der in Gründung befindliche Vorstand von NetPhyD e.V. besteht aus Vertreter*innen der regionalen Fachgesellschaften und ist für alle Absprachen zur vernetzten Datenhaltung und die Verabschiedung von fachlichen Standards verantwortlich.</p>



<p>Bei Beteiligungsinteresse schreiben Sie gerne eine Mail an info@netphyd.de.</p>



<div style="height:100px" aria-hidden="true" class="wp-block-spacer"></div>

<p>&#8222;Aktualisierung der Verbreitungsdaten der Farn- und Blütenpflanzen Deutschlands&#8220; &#8211; Projektlaufzeit Oktober 2023 bis voraussichtlich September 2026 &#8211; Hintergrund Die letzten bundesweiten Bemühungen zur Zusammenführung der Datenbestände zu Farn- und Blütenpflanzen mündeten in dem vom Bundesamt für Naturschutz (BfN) und NetPhyD e.V. 2013 herausgegebenen &#8222;Verbreitungsatlas der Farn- und Blütenpflanzen Deutschlands&#8220;. Der zusammengetragene Datenstand beinhaltet ca. 28 [&hellip;]</p>
