{"id":53,"date":"2023-11-10T15:35:49","date_gmt":"2023-11-10T14:35:49","guid":{"rendered":"https:\/\/dflora.netphyd.de\/?page_id=53"},"modified":"2025-12-04T09:14:56","modified_gmt":"2025-12-04T08:14:56","slug":"verein","status":"publish","type":"page","link":"https:\/\/www.netphyd.de\/index.php\/verein\/","title":{"rendered":"\u00dcber uns"},"content":{"rendered":"\n<hr class=\"wp-block-separator has-alpha-channel-opacity\"\/>\n\n\n\n<div class=\"wp-block-group\"><div class=\"wp-block-group__inner-container is-layout-constrained wp-block-group-is-layout-constrained\">\n<div class=\"wp-block-columns is-layout-flex wp-container-core-columns-is-layout-9d6595d7 wp-block-columns-is-layout-flex\">\n<div class=\"wp-block-column is-vertically-aligned-top is-layout-flow wp-block-column-is-layout-flow\" style=\"flex-basis:66.66%\">\n<h6 class=\"wp-block-heading\" style=\"font-size:25px;font-style:normal;font-weight:100;text-transform:capitalize\">Unsere Geschichte<\/h6>\n\n\n\n<p>NetPhyD e.V. wurde 2006 gegr\u00fcndet mit dem Ziel die Floristische Kartierung in Deutschland langfristig zu unterst\u00fctzen, die Zusammenf\u00fchrung von Daten und die Datenharmonisierung voranzutreiben sowie die Bereitstellung von Informationen zu gew\u00e4hrleisten. NetPhyD e.V. ist angetreten als Nachfolge der Kartierungszentralen, die in West- und Ostdeutschland die Rasterkartierungen zusammengef\u00fchrt haben. Heute ist der NetPhyD e.V. Projektnehmer f\u00fcr Auftr\u00e4ge des <a href=\"https:\/\/www.bfn.de\/\" target=\"_blank\" rel=\"noreferrer noopener\">Bundesamts f\u00fcr Naturschutz<\/a> (BfN) sowie der Bundesl\u00e4nder und eine Plattform f\u00fcr Auswertungsprojekte.<\/p>\n\n\n\n<p>Weitere Informationen zur geschichtlichen Entwicklung und Organisation der Florenkartierung in Deutschland finden Sie im <a href=\"https:\/\/www.floraweb.de\/florenkartierung\/organisation-der-florenkartierung.html\" target=\"_blank\" rel=\"noreferrer noopener\">FloraWeb<\/a> des BfN.<\/p>\n<\/div>\n\n\n\n<div class=\"wp-block-column is-vertically-aligned-center is-layout-flow wp-block-column-is-layout-flow\" style=\"flex-basis:33.33%\"><div class=\"wp-block-image\">\n<figure class=\"alignleft size-large is-resized\"><img decoding=\"async\" src=\"https:\/\/www.netphyd.de\/wp-content\/uploads\/2024\/02\/1593372606stachys_palustris_gefunden_am_2020-06-28-1-edited.jpg\" alt=\"Stachys palustris L., Bildnachweis: (c) Stefanie Meier\" style=\"width:248px;height:auto\" title=\"Bildnachweis: \u00a9 Stefanie Meier\"\/><figcaption class=\"wp-element-caption\">Stachys palustris L.<\/figcaption><\/figure>\n<\/div><\/div>\n<\/div>\n<\/div><\/div>\n\n\n\n<h6 class=\"wp-block-heading\" style=\"font-size:25px;font-style:normal;font-weight:100;text-transform:none\">Unsere Ziele<\/h6>\n\n\n\n<p>Ziel des Vereins ist es, eine Organisationsstruktur und Plattform f\u00fcr die Sammlung und Auswertung floristischer Funddaten und Informationen \u00fcber wildwachsende Pflanzen in Deutschland bereitzustellen.<\/p>\n\n\n\n<ul class=\"wp-block-list\">\n<li>Wir wollen ehrenamtliche Aktivit\u00e4ten zur Beobachtung der Flora, Vegetation und genetischen Vielfalt der Pflanzen auf allen Ebenen unterst\u00fctzen.<\/li>\n\n\n\n<li>Wir wollen Informationen zur Flora und Vegetation Deutschlands f\u00fcr Wissenschaft und \u00d6ffentlichkeit bereitstellen.<\/li>\n\n\n\n<li>Wir wollen die Fachexpertise zur Flora und Vegetation bundesland\u00fcbergreifend vernetzen.<\/li>\n\n\n\n<li>Wir wollen die Forschung zur Flora und Vegetation in Deutschland unterst\u00fctzen.<\/li>\n\n\n\n<li>Wir wollen die Einwerbung finanzieller Mittel f\u00fcr die Koordination und Unterst\u00fctzung der ehrenamtlichen Leistungen, den Auf- und Ausbau von Informationssystemen \u00fcber Pflanzen und Vegetation Deutschlands, sowie f\u00fcr die Auswertung der erhobenen Daten f\u00f6rdern.<\/li>\n<\/ul>\n\n\n\n<div style=\"height:31px\" aria-hidden=\"true\" class=\"wp-block-spacer\"><\/div>\n\n\n\n<h6 class=\"wp-block-heading has-contrast-color has-text-color has-link-color wp-elements-175273daa224df6ded5511d84506ab67\" id=\"mitgliedwerden\" style=\"font-size:25px;font-style:normal;font-weight:100;text-transform:none\">Mitglied werden<\/h6>\n\n\n\n<p>Wir freuen uns \u00fcber alle, die Interesse haben dem Verein beizutreten. Die j\u00e4hrlichen Mitgliedsbeitr\u00e4ge werden wie folgt gestaffelt:<\/p>\n\n\n\n<ul class=\"wp-block-list\">\n<li>Einzelperson: 25\u20ac<\/li>\n\n\n\n<li>ehrenamtlich organisierte Vereine\/ Organisationen\/ Gruppierungen: 50\u20ac<\/li>\n\n\n\n<li>\u00f6ffentlich-rechtliche Einrichtungen (Beh\u00f6rden, Universit\u00e4ten): 100\u20ac<\/li>\n\n\n\n<li>privatwirtschaftliche Unternehmen: 200\u20ac<\/li>\n\n\n\n<li>erm\u00e4\u00dfigter Beitrag (Studierende, Sch\u00fcler*innen, Auszubildende): 15\u20ac<\/li>\n<\/ul>\n\n\n\n<p><strong>Aufnahmeantrag:<\/strong><\/p>\n\n\n\n<div class=\"wp-block-group is-vertical is-content-justification-left is-layout-flex wp-container-core-group-is-layout-c0ca7d81 wp-block-group-is-layout-flex\">\n<div data-wp-interactive=\"core\/file\" class=\"wp-block-file\"><object data-wp-bind--hidden=\"!state.hasPdfPreview\" hidden class=\"wp-block-file__embed\" data=\"https:\/\/www.netphyd.de\/wp-content\/uploads\/2024\/12\/Aufnahmeantrag-NetPhyD-20241216.pdf\" type=\"application\/pdf\" style=\"width:100%;height:600px\" aria-label=\"PDF-Einbettung\"><\/object><a href=\"https:\/\/www.netphyd.de\/wp-content\/uploads\/2024\/12\/Aufnahmeantrag-NetPhyD-20241216.pdf\" class=\"wp-block-file__button wp-element-button\" download>Download<\/a><\/div>\n<\/div>\n\n\n\n<p>Bitte schicken Sie uns den Aufnahmeantrag ausgef\u00fcllt per E-Mail an info@netphyd.de zu. <\/p>\n","protected":false},"excerpt":{"rendered":"<p>Unsere Geschichte NetPhyD e.V. wurde 2006 gegr\u00fcndet mit dem Ziel die Floristische Kartierung in Deutschland langfristig zu unterst\u00fctzen, die Zusammenf\u00fchrung von Daten und die Datenharmonisierung voranzutreiben sowie die Bereitstellung von Informationen zu gew\u00e4hrleisten. NetPhyD e.V. ist angetreten als Nachfolge der Kartierungszentralen, die in West- und Ostdeutschland die Rasterkartierungen zusammengef\u00fchrt haben. Heute ist der NetPhyD e.V. [&hellip;]<\/p>\n","protected":false},"author":1,"featured_media":0,"parent":0,"menu_order":0,"comment_status":"closed","ping_status":"closed","template":"","meta":{"footnotes":""},"class_list":["post-53","page","type-page","status-publish","czr-hentry"],"_links":{"self":[{"href":"https:\/\/www.netphyd.de\/index.php\/wp-json\/wp\/v2\/pages\/53","targetHints":{"allow":["GET"]}}],"collection":[{"href":"https:\/\/www.netphyd.de\/index.php\/wp-json\/wp\/v2\/pages"}],"about":[{"href":"https:\/\/www.netphyd.de\/index.php\/wp-json\/wp\/v2\/types\/page"}],"author":[{"embeddable":true,"href":"https:\/\/www.netphyd.de\/index.php\/wp-json\/wp\/v2\/users\/1"}],"replies":[{"embeddable":true,"href":"https:\/\/www.netphyd.de\/index.php\/wp-json\/wp\/v2\/comments?post=53"}],"version-history":[{"count":74,"href":"https:\/\/www.netphyd.de\/index.php\/wp-json\/wp\/v2\/pages\/53\/revisions"}],"predecessor-version":[{"id":2132,"href":"https:\/\/www.netphyd.de\/index.php\/wp-json\/wp\/v2\/pages\/53\/revisions\/2132"}],"wp:attachment":[{"href":"https:\/\/www.netphyd.de\/index.php\/wp-json\/wp\/v2\/media?parent=53"}],"curies":[{"name":"wp","href":"https:\/\/api.w.org\/{rel}","templated":true}]}}

Über uns

<hr class="wp-block-separator has-alpha-channel-opacity"/>



<div class="wp-block-group"><div class="wp-block-group__inner-container is-layout-constrained wp-block-group-is-layout-constrained">
<div class="wp-block-columns is-layout-flex wp-container-core-columns-is-layout-9d6595d7 wp-block-columns-is-layout-flex">
<div class="wp-block-column is-vertically-aligned-top is-layout-flow wp-block-column-is-layout-flow" style="flex-basis:66.66%">
<h6 class="wp-block-heading" style="font-size:25px;font-style:normal;font-weight:100;text-transform:capitalize">Unsere Geschichte</h6>



<p>NetPhyD e.V. wurde 2006 gegründet mit dem Ziel die Floristische Kartierung in Deutschland langfristig zu unterstützen, die Zusammenführung von Daten und die Datenharmonisierung voranzutreiben sowie die Bereitstellung von Informationen zu gewährleisten. NetPhyD e.V. ist angetreten als Nachfolge der Kartierungszentralen, die in West- und Ostdeutschland die Rasterkartierungen zusammengeführt haben. Heute ist der NetPhyD e.V. Projektnehmer für Aufträge des <a href="https://www.bfn.de/" target="_blank" rel="noreferrer noopener">Bundesamts für Naturschutz</a> (BfN) sowie der Bundesländer und eine Plattform für Auswertungsprojekte.</p>



<p>Weitere Informationen zur geschichtlichen Entwicklung und Organisation der Florenkartierung in Deutschland finden Sie im <a href="https://www.floraweb.de/florenkartierung/organisation-der-florenkartierung.html" target="_blank" rel="noreferrer noopener">FloraWeb</a> des BfN.</p>
</div>



<div class="wp-block-column is-vertically-aligned-center is-layout-flow wp-block-column-is-layout-flow" style="flex-basis:33.33%"><div class="wp-block-image">
<figure class="alignleft size-large is-resized"><img decoding="async" src="https://www.netphyd.de/wp-content/uploads/2024/02/1593372606stachys_palustris_gefunden_am_2020-06-28-1-edited.jpg" alt="Stachys palustris L., Bildnachweis: (c) Stefanie Meier" style="width:248px;height:auto" title="Bildnachweis: © Stefanie Meier"/><figcaption class="wp-element-caption">Stachys palustris L.</figcaption></figure>
</div></div>
</div>
</div></div>



<h6 class="wp-block-heading" style="font-size:25px;font-style:normal;font-weight:100;text-transform:none">Unsere Ziele</h6>



<p>Ziel des Vereins ist es, eine Organisationsstruktur und Plattform für die Sammlung und Auswertung floristischer Funddaten und Informationen über wildwachsende Pflanzen in Deutschland bereitzustellen.</p>



<ul class="wp-block-list">
<li>Wir wollen ehrenamtliche Aktivitäten zur Beobachtung der Flora, Vegetation und genetischen Vielfalt der Pflanzen auf allen Ebenen unterstützen.</li>



<li>Wir wollen Informationen zur Flora und Vegetation Deutschlands für Wissenschaft und Öffentlichkeit bereitstellen.</li>



<li>Wir wollen die Fachexpertise zur Flora und Vegetation bundeslandübergreifend vernetzen.</li>



<li>Wir wollen die Forschung zur Flora und Vegetation in Deutschland unterstützen.</li>



<li>Wir wollen die Einwerbung finanzieller Mittel für die Koordination und Unterstützung der ehrenamtlichen Leistungen, den Auf- und Ausbau von Informationssystemen über Pflanzen und Vegetation Deutschlands, sowie für die Auswertung der erhobenen Daten fördern.</li>
</ul>



<div style="height:31px" aria-hidden="true" class="wp-block-spacer"></div>



<h6 class="wp-block-heading has-contrast-color has-text-color has-link-color wp-elements-175273daa224df6ded5511d84506ab67" id="mitgliedwerden" style="font-size:25px;font-style:normal;font-weight:100;text-transform:none">Mitglied werden</h6>



<p>Wir freuen uns über alle, die Interesse haben dem Verein beizutreten. Die jährlichen Mitgliedsbeiträge werden wie folgt gestaffelt:</p>



<ul class="wp-block-list">
<li>Einzelperson: 25€</li>



<li>ehrenamtlich organisierte Vereine/ Organisationen/ Gruppierungen: 50€</li>



<li>öffentlich-rechtliche Einrichtungen (Behörden, Universitäten): 100€</li>



<li>privatwirtschaftliche Unternehmen: 200€</li>



<li>ermäßigter Beitrag (Studierende, Schüler*innen, Auszubildende): 15€</li>
</ul>



<p><strong>Aufnahmeantrag:</strong></p>



<div class="wp-block-group is-vertical is-content-justification-left is-layout-flex wp-container-core-group-is-layout-c0ca7d81 wp-block-group-is-layout-flex">
<div data-wp-interactive="core/file" class="wp-block-file"><object data-wp-bind--hidden="!state.hasPdfPreview" hidden class="wp-block-file__embed" data="https://www.netphyd.de/wp-content/uploads/2024/12/Aufnahmeantrag-NetPhyD-20241216.pdf" type="application/pdf" style="width:100%;height:600px" aria-label="PDF-Einbettung"></object><a href="https://www.netphyd.de/wp-content/uploads/2024/12/Aufnahmeantrag-NetPhyD-20241216.pdf" class="wp-block-file__button wp-element-button" download>Download</a></div>
</div>



<p>Bitte schicken Sie uns den Aufnahmeantrag ausgefüllt per E-Mail an info@netphyd.de zu. </p>

<p>Unsere Geschichte NetPhyD e.V. wurde 2006 gegründet mit dem Ziel die Floristische Kartierung in Deutschland langfristig zu unterstützen, die Zusammenführung von Daten und die Datenharmonisierung voranzutreiben sowie die Bereitstellung von Informationen zu gewährleisten. NetPhyD e.V. ist angetreten als Nachfolge der Kartierungszentralen, die in West- und Ostdeutschland die Rasterkartierungen zusammengeführt haben. Heute ist der NetPhyD e.V. [&hellip;]</p>
